
Let s(l) = 4*l**2 + 8*l + 14. What is s(-4)?
46
Let w(j) = 727*j - 82893. Calculate w(114).
-15
Let p(z) = -z**3 + 47*z**2 + 97*z + 45. Determine p(49).
-4
Let w(d) = 25*d + 119. Calculate w(-4).
19
Let z(y) = -y**2 + 41*y + 413. What is z(-8)?
21
Let t(x) = x + 195. Determine t(-26).
169
Let q(g) = -16*g**3 - 5*g**2 + 14*g - 29. Calculate q(3).
-464
Let k(u) = -2257*u - 180554. Give k(-80).
6
Let a(q) = -3*q**2 - 23*q + 18. Calculate a(-8).
10
Let r(p) = -p**2 - 7*p - 113. Calculate r(10).
-283
Let u(o) = -o**3 - 80*o**2 + 78*o - 237. What is u(-81)?
6
Let k(v) = 2*v**2 - 22*v - 566. Determine k(25).
134
Let l(u) = u**3 + 13*u**2 - 13*u - 36. Calculate l(-13).
133
Let p(f) = 333*f + 409. What is p(-1)?
76
Let k(d) = -26*d**2 + 244*d - 88. Calculate k(9).
2
Let a(y) = y**2 - 20*y - 4136. What is a(75)?
-11
Let w(b) = -b**2 - 218*b + 219. Determine w(1).
0
Let u(m) = -7*m**3 + 2*m**2 - 7*m - 1. Determine u(3).
-193
Let l(t) = t**2 + 95*t - 681. Calculate l(7).
33
Let s(b) = 5*b**2 + 6*b + 37. Calculate s(-3).
64
Let w(z) = 2*z**2 - 61*z + 212. Give w(26).
-22
Let z(v) = 3*v**3 + 28*v**2 - 157*v - 119. What is z(-13)?
63
Let p(q) = -q**2 - 106*q + 3797. Determine p(28).
45
Let t(b) = 3*b**3 - 6*b**2 + 7*b + 1. Give t(2).
15
Let q(v) = -10*v**2 + 2194*v - 2194. Calculate q(1).
-10
Let k(p) = p**2 - 12*p - 116. Give k(19).
17
Let t(r) = -r**3 + 59*r**2 + 56*r + 267. Give t(60).
27
Let v(d) = 1479*d - 14787. Give v(10).
3
Let q(v) = -2*v**2 - 128*v - 695. What is q(-58)?
1
Let n(z) = -13*z**3 + 12*z**2 - 2. Give n(2).
-58
Let w(k) = -k**3 + 7*k**2 + 22*k - 109. Determine w(4).
27
Let x(s) = s**3 + 32*s**2 - 65*s + 58. What is x(-34)?
-44
Let g(d) = -d**2 - 3850*d + 23142. What is g(6)?
6
Let d(x) = 106*x + 312. Give d(-3).
-6
Let q(d) = 5*d**2 + 20*d + 15. What is q(-4)?
15
Let v(g) = -2*g**3 + 618*g**2 + 4*g - 1227. Determine v(309).
9
Let h(f) = f**3 - 2*f**2 + 918*f - 12. Determine h(0).
-12
Let m(o) = -74*o + 68. What is m(1)?
-6
Let s(l) = -926*l + 10192. Calculate s(11).
6
Let k(c) = -c**3 + 3030*c**2 - 51220*c - 31. Give k(17).
-14
Let h(b) = -b**3 + 20*b**2 - b + 51. Determine h(20).
31
Let n(z) = -z**2 + 411*z + 3360. Calculate n(-8).
8
Let q(y) = 32*y**3 - 5*y**2 + 39*y + 46. Determine q(-1).
-30
Let w(b) = -2*b**3 - 61*b**2 + 16*b. Determine w(0).
0
Let v(i) = -3*i + 70. Determine v(-28).
154
Let c(i) = -79*i - 3633. Give c(-46).
1
Let l(v) = v**3 + 16*v**2 - 16. Give l(-16).
-16
Let o(q) = 38*q + 196. Determine o(-5).
6
Let t(v) = -5*v**3 + 169*v**2 + 35*v - 44. Calculate t(34).
-10
Let d(b) = 302*b - 1095. Calculate d(4).
113
Let k(y) = 3*y**3 - 66*y**2 - 46*y - 31. Give k(23).
498
Let q(l) = -l**3 + 8*l**2 + 17*l - 37. Calculate q(9).
35
Let q(l) = -3*l**3 + 10*l**2 + 8*l - 37. Give q(3).
-4
Let w(z) = 2*z + 41. Determine w(-28).
-15
Let n(x) = -12*x - 654. Calculate n(-42).
-150
Let m(k) = -2*k**2 + 16461*k + 32921. Calculate m(-2).
-9
Let y(r) = 23*r - 1. Determine y(-1).
-24
Let x(t) = -t**2 - 33. What is x(8)?
-97
Let x(g) = -g**3 - 7*g**2 - 10*g + 2. Calculate x(-5).
2
Let i(o) = o**3 - 21*o**2 - 48*o + 7. Calculate i(23).
-39
Let s(c) = -c**3 + 70*c**2 - 137*c + 66. Give s(68).
-2
Let a(f) = 329*f**3 - 5*f**2 - 7*f - 1. Calculate a(-1).
-328
Let y(s) = 2*s**2 - 140*s + 878. What is y(63)?
-4
Let m(v) = -v**2 - 97*v - 1299. What is m(-16)?
-3
Let b(j) = 3046*j + 48742. What is b(-16)?
6
Let t(i) = i**3 + 20*i**2 - 624*i + 53. Determine t(17).
138
Let z(n) = n**2 + 71*n + 1219. What is z(-29)?
1
Let d(u) = 15*u**2 - 31*u - 130. Calculate d(4).
-14
Let w(l) = -l**2 - 28*l + 94. Give w(-31).
1
Let q(t) = 21*t**2 - 2873*t - 560. Give q(137).
-12
Let d(n) = n**2 + 173*n + 6083. Determine d(-124).
7
Let n(u) = u**3 - 37*u**2 + 37*u + 12. What is n(36)?
48
Let s(l) = 42*l + 117. What is s(-2)?
33
Let d(s) = -s**3 + 40*s**2 + 40*s + 19. Give d(41).
-22
Let o(p) = -p**3 - 16*p - 16. What is o(-6)?
296
Let j(o) = 485*o**3 + 7*o**2 + 4*o - 13. Give j(1).
483
Let t(g) = g**2 + 31*g - 1624. Calculate t(27).
-58
Let d(a) = 544*a + 3883. Calculate d(-7).
75
Let y(c) = c**2 + 50*c - 403. Give y(7).
-4
Let x(u) = -129*u + 1170. Give x(9).
9
Let q(b) = 145*b - 4956. What is q(35)?
119
Let s(y) = -y**2 + 89*y + 379. What is s(-4)?
7
Let r(w) = 110*w + 9127. Determine r(-83).
-3
Let g(b) = -3*b**2 + 97*b - 147. Calculate g(31).
-23
Let h(m) = m**3 + 101*m**2 + 616*m - 15. What is h(-6)?
-291
Let f(j) = 83*j - 4485. What is f(54)?
-3
Let i(v) = -249*v - 2746. Determine i(-11).
-7
Let g(n) = n**3 + 36*n**2 - 2700*n + 81. Give g(-73).
8
Let u(z) = 11*z**2 - 6*z + 24. What is u(3)?
105
Let x(h) = -h**3 - 38*h**2 + 82*h + 2. Calculate x(-40).
-78
Let v(a) = 370*a + 5566. What is v(-15)?
16
Let a(m) = -m**2 - 20*m + 3. What is a(6)?
-153
Let u(f) = -f - 19. What is u(-23)?
4
Let q(g) = 59*g + 64. Calculate q(-1).
5
Let b(o) = 23*o - 35. What is b(0)?
-35
Let l(m) = 152*m - 6541. Determine l(43).
-5
Let w(t) = -3*t + 55. Determine w(-19).
112
Let z(x) = -x**3 - 16*x**2 + 84*x + 1133. Calculate z(-17).
-6
Let k(a) = -8*a**2 - 64*a + 53. Determine k(-9).
-19
Let q(j) = -83*j**3 + 4*j**2 + 4*j - 2. Determine q(-1).
81
Let a(x) = -3*x**2 + 343*x - 9745. What is a(53)?
7
Let u(k) = -4*k**3 + 18*k + 56. What is u(-3)?
110
Let m(w) = w**2 + 2030*w + 16180. What is m(-8)?
4
Let r(s) = 250*s - 1492. Determine r(6).
8
Let r(s) = -s**3 - 124*s**2 + 784*s + 512. What is r(-130)?
-8
Let x(q) = -14*q**2 - 6*q + 22. What is x(2)?
-46
Let j(t) = -44*t - 1542. Calculate j(-37).
86
Let j(x) = 53*x + 409. Determine j(2).
515
Let w(r) = r**3 - 14*r**2 + 52*r - 12. What is w(10)?
108
Let g(b) = 9*b**2 - 35*b + 29. Give g(3).
5
Let b(m) = m**3 + 27*m**2 + 38*m - 20. Calculate b(-25).
280
Let a(u) = -u**2 - 12*u + 7. Determine a(-14).
-21
Let c(p) = -p**2 - 15*p + 66. Give c(-21).
-60
Let o(v) = -v**3 - 21*v**2 - 30*v - 68. Calculate o(-9).
-770
Let k(x) = -621*x - 13044. What is k(-21)?
-3
Let z(x) = x**3 + 43*x**2 - x - 75. Determine z(-43).
-32
Let p(v) = -2*v**2 - 306*v + 6112. What is p(18)?
-44
Let q(r) = -r**3 - 11*r**2 + 9*r - 13. Give q(-8).
-277
Let r(s) = -17*s**2 + 74*s - 322. What is r(4)?
-298
Let n(r) = -10*r**2 + 28*r + 24. Give n(5).
-86
Let z(t) = -3*t**2 - 323*t + 1475. Determine z(-113).
-333
Let h(m) = -5*m**2 - 5. Determine h(-4).
-85
Let x(z) = -z**3 - 167*z**2 + 182*z + 2364. Determine x(-168).
12
Let k(z) = z**3 - 11*z**2 - 12*z - 78. Give k(13).
104
Let w(a) = a**3 + 2*a - 12. What is w(-3)?
-45
Let x(z) = 101*z - 463. What is x(3)?
-160
Let a(k) = 10*k - 172. Calculate a(14).
-32
Let x(q) = -q**3 - 3*q**2 - 6*q - 1. Determine x(-2).
7
Let u(b) = 1128*b**2 - 37225*b + 30. Determine u(33).
-3
Let r(j) = -5*j**2 + 322*j - 175. What is r(62)?
569
Let q(b) = -b**3 - 3*b**2 - b - 101. Calculate q(0).
-101
Let u(l) = -l**3 + 72*l**2 - 128*l - 52. Calculate u(70).
788
Let r(v) = -4*v**2 + 9*v - 12. Give r(-5).
-157
Let m(p) = -195*p + 1370. Give m(7).
5
Let c(g) = -101*g - 63. Give c(4).
-467
Let s(d) = 3*d**2 + 7*d - 35. Determine s(4).
41
Let z(r) = -r**3 + 10*r**2 - 45*r + 101. What is z(5)?
1
Let g(q) = -q**2 + 592*q + 17355. Determine g(-28).
-5
Let v(w) = 52*w**2 + 157*w + 15. What is v(-3)?
12
Let m(u) = 3*u**3 - 14*u + 55. Give m(3).
94
Let m(b) = -63*b - 89. Calculate m(-1).
-26
Let j(d) = 16*d**2 - 134*d - 179. Give j(9).
-89
Let m(f) = -2668*f - 15972. What is m(-6)?
36
Let w(o) = 43*o + 754. Give w(-18).
-20
Let v(j) = 192*j + 202. Give v(-1).
10
Let p(v) = 3*v**3 + 6*v**2 - 34*v - 66. Calculate p(-5).
-121
Let o(s) = 5*s + 96. Give o(-17).
11
Let o(g) = -g**2 - 190*g + 1386. Give o(7).
7
Let k(a) = a**3 + 3*a**2 + 19*a + 148. Determine k(-5).
3
Let j(i) = -4*i**3 - i**2 + 11*i + 10. What is j(3)?
-74
Let y(d) = 283*d + 1831. Calculate y(-7).
-150
Let r(i) = i**3 - 38*i**2 - 213*i - 17. Give r(-5).
-27
Let w(f) = -555*f - 8885. Calculate w(-16).
-5
Let l(r) = -517*r - 101340. What is l(-196)?
-8
Let i(c) = -c**3 - 452*c**2 + 2283*c - 6. Give i(5).
-16
Let a(u) = u**3 + 54*u**2 + 505*u - 8. Calculate a(-42).
-50
Let a(f) = 2*f - 297. What is a(16)?
-265
Let j(n) = 2*n**3 - 6*n + 189. Calculate j(0).
189
Let b(k) = k**3 - 12*k**2 - 17*k + 6. Determine b(13).
-46
Let n(x) = -x**2 - 105*x - 1732. Give n(-22).
94
Let m(n) = -n**3 - 57*n**2 - 123*n